 Determine c(-5).
9
Let t(y) = y - 5. Let r(d) = -d**3 + 3*d**2 + 2*d + 4. Let h be r(3). Let m(c) = -3*c + 50 + 9 + h. Let s be m(22). What is t(s)?
-2
Let f(g) = -g + 1. Let m(l) be the first derivative of -l**3/3 - 2*l**2 + 57*l - 69. Let z be m(6). Give f(z).
4
Let d(r) = 271*r + 280*r - 553*r - 17 - 2 - r**3 + 4. What is d(0)?
-15
Let p be (-62293)/(-70) - (-4)/40. Let t = 885 - p. Let f(d) = d**2 + 3*d - 5. What is f(t)?
5
Let z(u) = -112398 - u**2 + 112356 + 28*u - 16*u. What is z(6)?
-6
Let s(v) = -159*v + 14 + 18*v**2 + 151*v - v**3 - 2*v**2 - 9*v**2 - 1. Determine s(4).
29
Let l(i) = i + 42. Let n be (-6)/(-5)*25*(-78)/65. Let c be l(n). Let a(y) = y**2 - 7*y - 2 + 2 - 5. Give a(c).
-11
Let w(v) be the third derivative of v**6/360 - v**5/30 - 65*v**4/24 + 78*v**2 + 2*v. Let d(t) be the second derivative of w(t). What is d(5)?
6
Let t(i) = 5771 - 5787 - 6*i + 3*i**2 - 7*i - 19*i. Calculate t(11).
-5
Let c(n) = n**3 - 16 + 54 - 12 + 10*n**2 - 15 - 14. Calculate c(-3).
60
Let p(x) = -2*x**2 + 11175218*x + 5 - 4 - 11175218*x. Let m = -8 - -6. Calculate p(m).
-7
Let a(p) = p**3 + 4*p**2 - p + 2. Let i be (-140)/25*5/1. Let k = i - -32. Suppose 0 = k*n - n + 12. What is a(n)?
6
Let c(h) = -2*h**2 + 7*h + 5. Let f be c(4). Let k(z) be the first derivative of -3*z**2 - z - 241. What is k(f)?
-7
Let k(m) be the third derivative of m**6/120 + m**5/20 - m**3/2 + 980*m**2. Give k(3).
51
Let o(d) = d**2 - 4*d + 12. Let s(f) = f**3 - 8*f**2 + 9*f + 37. Let a be s(4). Calculate o(a).
57
Let v(w) = w**3 - 10*w**2 - 9*w + 14. Let m(n) = -n**2 - 2*n + 2. Let r(c) = -4*m(c) + v(c). What is r(6)?
0
Let n(q) = -q**3 + 9*q**2 + 11*q - 2. Let s = -41 + -27. Let a(m) = -m**3 + 85*m**2 + 97*m - 868. Let r be a(86). Let i = r + s. What is n(i)?
8
Let z(s) = -8*s + 1. Let m = -130 - -132. Let f(p) = 41*p - 5. Let o(n) = m*f(n) + 11*z(n). Give o(-1).
7
Suppose 29*v - 2*v + 1170 = -12*v. Let l(q) = q**3 + 28*q**2 - 59*q + 43. What is l(v)?
13
Let a(q) = 6*q + 14. Let r(d) = -d. Let i(b) = -a(b) - 4*r(b). Let s be 10 - (20732/1022 + 4/(-14)). Determine i(s).
6
Let i(t) be the first derivative of 43*t**4/2 + 2*t**3/3 + 5*t**2/2 + 2*t - 6107. Determine i(-1).
-87
Let g(y) = y**3 + 5*y**2 - 4*y + 17. Let p(r) = 111*r - 1560. Let d be p(14). What is g(d)?
5
Let k(a) = -2*a - 15562 - a + 2*a**2 + 15567. Give k(4).
25
Let g(s) = s**2 - 37*s + 254. Let q be g(9). Suppose 29*w - q = 27*w. Let z(v) = 3*v + 9*v**2 - 6*v + 2*v. Determine z(w).
8
Let b(x) = 91 + 147*x + 53 - 309*x + 211*x. Determine b(-3).
-3
Let r(q) = q**3 - 7*q**2 + 7*q - 4. Suppose -j = -104 + 102. Let i be (18 - 13) + j/(-2). Calculate r(i).
-24
Let i(k) = -130446*k**2 + 7 - 2*k**3 + 260890*k**2 - 130439*k**2 + 3*k. Give i(3).
7
Let w(r) be the second derivative of 3*r**5/20 + 5*r**3/6 + 2*r**2 - 2*r + 393. Calculate w(-1).
-4
Let u(n) be the second derivative of -n**3/2 - n**2 - 2*n. Suppose -5*s - 27 = -3*k, 0 = k + 4*s - 121 + 146. What is u(k)?
1
Let b(j) = -5*j + 5 - 3*j**2 - 1 - 21*j**2 - 22 + 25*j**2. What is b(11)?
48
Suppose -p - 4 = -3*g - 5, 2*p + 5*g = 13. Suppose -w = p*w - 220. Suppose 5*z = -w + 49. Let h(l) = -8*l + 1. What is h(z)?
-7
Let t(o) = -11*o - 9. Let k = 1626 - 1627. Calculate t(k).
2
Let a(h) = -3*h**3 + 1. Let b(u) = 10*u**3 + 4*u**2 - 2*u - 3. Let r(w) = -3*a(w) - b(w). Let d = -9 - -8. Let s be d + (-4 + 2)*1. Determine r(s).
-15
Let a(g) = g + 1. Let l(r) = -6*r - 12. Let p(t) = -12*a(t) - l(t). Suppose -14*o + 11*o = 7*o. Suppose -5*b = 5*x + 7 + 8, -2*x + b = o. Determine p(x).
6
Let k(m) = -m**3 + 4*m**2 - 3*m + 4. Let p be (-5)/15 + 1652/6. Suppose -5*t + p = -4*h, h + 15 + 53 = t. Let s be (-2)/8 + (0 - h/20). Determine k(s).
4
Let f(c) = -c**2 - c - 2. Let i(y) = -4*y**2 - 69*y - 914. Let v(q) = -q**2 - 23*q - 303. Let j(k) = -2*i(k) + 7*v(k). Let g be j(32). What is f(g)?
-22
Let d(h) be the second derivative of -h**5/10 - 13*h**4/12 + 2*h**3/3 - 7*h**2/2 - 2*h - 246. Give d(-7).
14
Let t(v) = -v**3 + 6*v**2 + 2. Suppose 14*j - 24 = 8*j. Suppose j*u = -4*u + 48. Give t(u).
2
Suppose 6 - 86 = -8*a. Let x be ((-5)/(-3))/(a + 1050/(-108)). Let t(q) = q**2 - 7*q - 2. Calculate t(x).
-8
Let y(p) = p - 9. Suppose 13*x - 201 = 14*x. Let h = x + 208. Calculate y(h).
-2
Let n = -29 + 44. Let a(b) = -44 + b + n + 16 + 4*b**2 + 15 + b**3. Give a(-4).
-2
Let u(j) = -j**2 + 18*j - 29. Let z be u(13). Let m = 38 - z. Let g(r) = 3*r + 10*r**m - 4*r**2 + 4 - 14 - r**3 + 4*r. What is g(7)?
-10
Let x(p) be the second derivative of p**4/12 - 4*p**3/3 - 5*p. Let t be 37/5 + ((-376)/40 - -8). Calculate x(t).
-12
Let x(c) = 22*c + 2. Let w = 792 - 794. Give x(w).
-42
Let y(z) be the third derivative of z**4/6 + z**3/6 + 54*z**2. Let i(v) = v. Let o(q) = 3*i(q) - y(q). Let m be 0/(-2) + (2 - 0). Give o(m).
-3
Let s(z) = 2*z**3 + 15*z**2 + 40*z + 626. Let b(j) = j**3 + 7*j**2 + 20*j + 376. Let x(f) = -5*b(f) + 3*s(f). Calculate x(-6).
22
Let v(t) = t**2 - 10*t - 8. Let j(d) = d + 1. Let f(i) = 6*j(i) + v(i). Let r = -136 + 139. Calculate f(r).
-5
Let b(n) = 5*n**2 + 77*n + 25. Let s be (-73)/5 + ((-2338)/70 + 17 - -16). Determine b(s).
-5
Let f(o) = -o**3 - 5*o**2 - 2*o + 2. Suppose -5*l + 13*l - 1000 = 0. Let v = 121 - l. Give f(v).
-6
Let q(m) = m**3 + 12*m**2 + 7*m - 3. Let r be q(-12). Let s = -86 - r. Let v(j) = -47*j - 4 + 0 + 45*j + s. Determine v(-2).
1
Let m be (-8 + -2)*6/12. Let z = -4 - m. Let c(h) = -7*h + 6. Let r(p) = -7*p + 7. Let v(i) = -7*c(i) + 6*r(i). Calculate v(z).
7
Suppose 0 = 3*t + 93 - 84. Let i(o) be the first derivative of -11*o**2/2 + 2*o + 2. What is i(t)?
35
Let x(l) = -4*l - 33. Let v be x(-9). Suppose 4*m = -3*u - 11 - 15, -m + v*u - 14 = 0. Let z(k) = -k**2 - 9*k + 3. Give z(m).
11
Let x(p) = -p**3 - 2*p**2 - p. Suppose -5*w = 2*o - 18, 13*w = 8*w + 2*o + 22. Let m(n) = n**3 - 15*n**2 + 43*n + 1. Let z be m(w). Give x(z).
12
Let u(d) = -3*d - 7*d + 80*d**2 - d - 79*d**2 + 3*d + 13. Determine u(4).
-3
Let m(p) = 2*p + 11. Suppose 9*n + 382 = -2*r + 13*n, -20 = 4*n. Let k = r - -193. Calculate m(k).
-5
Let v(l) = l + 19. Let q(w) = -6*w + 7. Let p be q(6). Let f = 33 + p. Suppose 0 = -f*m - 3*m. What is v(m)?
19
Let m(d) = -5*d + 16. Let z(p) = 3*p - 8. Let a(c) = -2*m(c) - 3*z(c). What is a(3)?
-5
Let o(a) = 40*a - 4. Let j be o(-2). Let z = j - -88. Let m(v) = 18 - 6 - v - 14. Give m(z).
-6
Let v(g) = -3*g**3 - 3*g**2 + 3*g - 19. Let l(p) = 19*p**3 + 17*p**2 - 17*p + 124. Let s(n) = 2*l(n) + 13*v(n). Give s(-5).
-24
Let l(d) = 14*d**2 - 28*d**2 + 3*d - d**3 - 2 + 17*d**2. Suppose z + 1 = 4*z - m, 5*m + 5 = 2*z. Suppose z*w + 2*w - 6 = 0. Calculate l(w).
7
Let y(q) = q**2 + 7*q - 85. Suppose 46*p + 46*p - 73*p = 114. Calculate y(p).
-7
Let d(f) = 5 + 9 - 841*f + 828*f. Let w(m) = -3*m + 2. Let o(s) = d(s) - 4*w(s). Calculate o(-9).
15
Suppose -10*z - 90 = -15*z. Let o = 7 + -3. Suppose 4*d + 8 = -t + o*t, 2*d - z = -4*t. Let j(u) = 2*u - 3. What is j(t)?
5
Suppose 4*c = 2*o - 2*c - 68, -5*o = -4*c - 159. Suppose -o*d - 328 = -80. Let t(h) = -4*h - 8. Let y(u) = 2*u + 4. Let x(i) = 2*t(i) + 5*y(i). Calculate x(d).
-12
Let r = -42 - -47. Suppose -6 = r*s + 34. Let w(l) = -2*l - 9. Calculate w(s).
7
Let j(n) = -3*n + 3. Suppose 2 = 8*x - 10*x. Let w be (-4 - -1) + (-10)/(x - 1). Let h be (-5)/(-2) + 1/w. Give j(h).
-6
Let p(k) = k**3 + k**2 + 1. Let s(c) be the first derivative of c**3/3 - 3*c**2/2 + 2*c - 2. Suppose -29*r - 10 = -97. Let j be s(r). Calculate p(j).
13
Let a(o) be the first derivative of -23 - 5/6*o**3 - 17/2*o**2 + 3/8*o**4 - 1/60*o**5 + 0*o. Let u(j) be the second derivative of a(j). Give u(8).
3
Let z = 53772 - 53763. Let x(i) = -2*i**2 + 15*i - 22. Let g(m) = 3*m**2 - 23*m + 33. Let k(f) = -5*g(f) - 7*x(f). Determine k(z).
-2
Let o(w) be the second derivative of 3/2*w**2 - 1/12*w**4 + 1/10*w**5 - 1/2*w**3 + 0 - 5*w. Let d(a) = 4*a - 6. Let v be d(2). Give o(v).
9
Let f(p) = p**3 + 5815*p**2 + 48 - 15 - 5822*p**2. Calculate f(6).
-3
Let p(c) be the first derivative of c**3/3 + 11*c**2/2 + 12*c - 17134. Suppose -2*j - 5*x - 3 = 0, -5*x + 0 + 15 = 0. Calculate p(j).
-6
Let h be (8/(-6))/(460/1035). Let z(y) be the second derivative of 0 + 5*y + 1/6*y**3 + 1/20*y**5 - y**2 + 1/2*y**4. Determine z(h).
22
Suppose 10*i + 15 + 1 = -4. Let v(c